{"id":95,"date":"2014-05-20T15:22:17","date_gmt":"2014-05-20T13:22:17","guid":{"rendered":"http:\/\/hoelzlhof.de\/wp\/?page_id=95"},"modified":"2024-01-28T14:56:25","modified_gmt":"2024-01-28T12:56:25","slug":"anfahrt-lage","status":"publish","type":"page","link":"https:\/\/hoelzlhof.de\/?page_id=95","title":{"rendered":"Anfahrt \/ Lage"},"content":{"rendered":"<div class=\"wp-block-image\">\n<figure class=\"alignleft\"><a href=\"https:\/\/hoelzlhof.de\/wp-content\/uploads\/2014\/05\/anfahrt.png\" target=\"_blank\" rel=\"noreferrer noopener\"><img loading=\"lazy\" decoding=\"async\" width=\"281\" height=\"300\" src=\"https:\/\/hoelzlhof.de-content\/uploads\/2014\/05\/anfahrt-281x300.png\" alt=\"Anfahrtsskizze\" class=\"wp-image-96\" srcset=\"https:\/\/hoelzlhof.de\/wp-content\/uploads\/2014\/05\/anfahrt-281x300.png 281w, https:\/\/hoelzlhof.de\/wp-content\/uploads\/2014\/05\/anfahrt.png 389w\" sizes=\"(max-width: 281px) 100vw, 281px\" \/><\/a><\/figure><\/div>\n\n\n<p>So erreichen Sie uns:<\/p>\n\n\n\n<p>Aus Richtung N\u00fcrnberg bzw. Salzburg \u00fcber die BAB 99 (Ostumgehung M\u00fcnchen) bis zum Autobahnkreuz M\u00fcnchen-Ost der Beschilderung &#8220;Messe ICM&#8221; folgen.<br>Auf der BAB 94 (Passauer Autobahn) Ausfahrt Feldkirchen-Ost. Rechts Richtung Wei\u00dfenfeld abbiegen. Nach ca. 1 km rechts zur Reitanlage einbiegen.<\/p>\n\n\n\n<p>Von M\u00fcnchen \u00fcber die BAB 94 (Passauer Autobahn) Ausfahrt Feldkirchen-Ost. Links abbiegen bis zur Kreuzung\/Abzweigung nach Wei\u00dfenfeld. Nach ca. 1 km rechts zur Reitanlage einbiegen.<\/p>\n\n\n\n<p>\u00dcber die B 471 (Dachau-Ottobrunn) am Kreisverkehr zwischen Feldkirchen und Ottendichl Richtung Heimstetten abbiegen. Bis zur Kreuzung\/Abzweigung nach Wei\u00dfenfeld. Nach ca. 1 km rechts zur Reitanlage einbiegen.<\/p>\n\n\n\n<p>Mit der S 2&nbsp; Richtung Erding, Haltestelle Feldkirchen.<\/p>\n\n\n","protected":false},"excerpt":{"rendered":"<p>So erreichen Sie uns: Aus Richtung N\u00fcrnberg bzw. Salzburg \u00fcber die BAB 99 (Ostumgehung M\u00fcnchen) bis zum Autobahnkreuz M\u00fcnchen-Ost der Beschilderung &#8220;Messe ICM&#8221; folgen.Auf der BAB 94 (Passauer Autobahn) Ausfahrt Feldkirchen-Ost. Rechts Richtung Wei\u00dfenfeld abbiegen. Nach ca. 1 km rechts zur Reitanlage einbiegen. Von M\u00fcnchen \u00fcber die BAB 94 (Passauer Autobahn) Ausfahrt Feldkirchen-Ost. Links abbiegen &#8230; <a title=\"Anfahrt \/ Lage\" class=\"read-more\" href=\"https:\/\/hoelzlhof.de\/?page_id=95\" aria-label=\"Mehr Informationen \u00fcber Anfahrt \/ Lage\">Weiterlesen<\/a><\/p>\n","protected":false},"author":1,"featured_media":0,"parent":0,"menu_order":0,"comment_status":"closed","ping_status":"closed","template":"","meta":{"footnotes":""},"class_list":["post-95","page","type-page","status-publish"],"_links":{"self":[{"href":"https:\/\/hoelzlhof.de\/index.php?rest_route=\/wp\/v2\/pages\/95"}],"collection":[{"href":"https:\/\/hoelzlhof.de\/index.php?rest_route=\/wp\/v2\/pages"}],"about":[{"href":"https:\/\/hoelzlhof.de\/index.php?rest_route=\/wp\/v2\/types\/page"}],"author":[{"embeddable":true,"href":"https:\/\/hoelzlhof.de\/index.php?rest_route=\/wp\/v2\/users\/1"}],"replies":[{"embeddable":true,"href":"https:\/\/hoelzlhof.de\/index.php?rest_route=%2Fwp%2Fv2%2Fcomments&post=95"}],"version-history":[{"count":12,"href":"https:\/\/hoelzlhof.de\/index.php?rest_route=\/wp\/v2\/pages\/95\/revisions"}],"predecessor-version":[{"id":681,"href":"https:\/\/hoelzlhof.de\/index.php?rest_route=\/wp\/v2\/pages\/95\/revisions\/681"}],"wp:attachment":[{"href":"https:\/\/hoelzlhof.de\/index.php?rest_route=%2Fwp%2Fv2%2Fmedia&parent=95"}],"curies":[{"name":"wp","href":"https:\/\/api.w.org\/{rel}","templated":true}]}}