{"id":89,"date":"2014-05-20T15:02:16","date_gmt":"2014-05-20T13:02:16","guid":{"rendered":"http:\/\/hoelzlhof.de\/wp\/?page_id=89"},"modified":"2014-05-20T15:02:16","modified_gmt":"2014-05-20T13:02:16","slug":"oeffnungszeiten","status":"publish","type":"page","link":"https:\/\/hoelzlhof.de\/?page_id=89","title":{"rendered":"\u00d6ffnungszeiten"},"content":{"rendered":"<p>Wir haben f\u00fcr Sie t\u00e4glich ge\u00f6ffnet<\/p>\n<p>Werktags von 06:30 &#8211; 22:00 Uhr<br \/>\nSamstags von 06:30 &#8211; 20:00 Uhr<br \/>\nSonn- und Feiertags von 06:30 &#8211; 19:00 Uhr<\/p>\n","protected":false},"excerpt":{"rendered":"<p>Wir haben f\u00fcr Sie t\u00e4glich ge\u00f6ffnet Werktags von 06:30 &#8211; 22:00 Uhr Samstags von 06:30 &#8211; 20:00 Uhr Sonn- und Feiertags von 06:30 &#8211; 19:00 Uhr<\/p>\n","protected":false},"author":1,"featured_media":0,"parent":0,"menu_order":0,"comment_status":"closed","ping_status":"closed","template":"","meta":{"footnotes":""},"class_list":["post-89","page","type-page","status-publish"],"_links":{"self":[{"href":"https:\/\/hoelzlhof.de\/index.php?rest_route=\/wp\/v2\/pages\/89"}],"collection":[{"href":"https:\/\/hoelzlhof.de\/index.php?rest_route=\/wp\/v2\/pages"}],"about":[{"href":"https:\/\/hoelzlhof.de\/index.php?rest_route=\/wp\/v2\/types\/page"}],"author":[{"embeddable":true,"href":"https:\/\/hoelzlhof.de\/index.php?rest_route=\/wp\/v2\/users\/1"}],"replies":[{"embeddable":true,"href":"https:\/\/hoelzlhof.de\/index.php?rest_route=%2Fwp%2Fv2%2Fcomments&post=89"}],"version-history":[{"count":1,"href":"https:\/\/hoelzlhof.de\/index.php?rest_route=\/wp\/v2\/pages\/89\/revisions"}],"predecessor-version":[{"id":90,"href":"https:\/\/hoelzlhof.de\/index.php?rest_route=\/wp\/v2\/pages\/89\/revisions\/90"}],"wp:attachment":[{"href":"https:\/\/hoelzlhof.de\/index.php?rest_route=%2Fwp%2Fv2%2Fmedia&parent=89"}],"curies":[{"name":"wp","href":"https:\/\/api.w.org\/{rel}","templated":true}]}}