{"id":411,"date":"2015-09-13T17:24:18","date_gmt":"2015-09-13T15:24:18","guid":{"rendered":"http:\/\/hoelzlhof.de\/wp\/?page_id=411"},"modified":"2015-09-23T04:58:32","modified_gmt":"2015-09-23T02:58:32","slug":"freispringen","status":"publish","type":"page","link":"https:\/\/hoelzlhof.de\/?page_id=411","title":{"rendered":"Freispringen"},"content":{"rendered":"<p>In regelm\u00e4\u00dfigen Abst\u00e4nden findet in der Reithalle ein gef\u00fchrtes Freispringen statt. Die Pferde werden gezielt an die Situation herangef\u00fchrt, damit sie anschlie\u00dfend ruhig und gelassen den Parcours absolvieren und der gew\u00fcnschte L\u00f6sungseffekt eintritt.<\/p>\n<p>&nbsp;<\/p>\n<p><a href=\"https:\/\/hoelzlhof.de-content\/uploads\/2015\/09\/Freispringen.jpg\"><img loading=\"lazy\" decoding=\"async\" class=\"alignnone size-medium wp-image-468\" src=\"https:\/\/hoelzlhof.de-content\/uploads\/2015\/09\/Freispringen-300x200.jpg\" alt=\"Freispringen\" width=\"300\" height=\"200\" srcset=\"https:\/\/hoelzlhof.de\/wp-content\/uploads\/2015\/09\/Freispringen-300x200.jpg 300w, https:\/\/hoelzlhof.de\/wp-content\/uploads\/2015\/09\/Freispringen.jpg 538w\" sizes=\"(max-width: 300px) 100vw, 300px\" \/><\/a><\/p>\n","protected":false},"excerpt":{"rendered":"<p>In regelm\u00e4\u00dfigen Abst\u00e4nden findet in der Reithalle ein gef\u00fchrtes Freispringen statt. Die Pferde werden gezielt an die Situation herangef\u00fchrt, damit sie anschlie\u00dfend ruhig und gelassen den Parcours absolvieren und der gew\u00fcnschte L\u00f6sungseffekt eintritt. &nbsp;<\/p>\n","protected":false},"author":1,"featured_media":0,"parent":0,"menu_order":0,"comment_status":"closed","ping_status":"closed","template":"","meta":{"footnotes":""},"class_list":["post-411","page","type-page","status-publish"],"_links":{"self":[{"href":"https:\/\/hoelzlhof.de\/index.php?rest_route=\/wp\/v2\/pages\/411"}],"collection":[{"href":"https:\/\/hoelzlhof.de\/index.php?rest_route=\/wp\/v2\/pages"}],"about":[{"href":"https:\/\/hoelzlhof.de\/index.php?rest_route=\/wp\/v2\/types\/page"}],"author":[{"embeddable":true,"href":"https:\/\/hoelzlhof.de\/index.php?rest_route=\/wp\/v2\/users\/1"}],"replies":[{"embeddable":true,"href":"https:\/\/hoelzlhof.de\/index.php?rest_route=%2Fwp%2Fv2%2Fcomments&post=411"}],"version-history":[{"count":5,"href":"https:\/\/hoelzlhof.de\/index.php?rest_route=\/wp\/v2\/pages\/411\/revisions"}],"predecessor-version":[{"id":490,"href":"https:\/\/hoelzlhof.de\/index.php?rest_route=\/wp\/v2\/pages\/411\/revisions\/490"}],"wp:attachment":[{"href":"https:\/\/hoelzlhof.de\/index.php?rest_route=%2Fwp%2Fv2%2Fmedia&parent=411"}],"curies":[{"name":"wp","href":"https:\/\/api.w.org\/{rel}","templated":true}]}}