{"id":407,"date":"2015-09-13T17:23:47","date_gmt":"2015-09-13T15:23:47","guid":{"rendered":"http:\/\/hoelzlhof.de\/wp\/?page_id=407"},"modified":"2016-01-07T11:55:26","modified_gmt":"2016-01-07T09:55:26","slug":"stallturnier","status":"publish","type":"page","link":"https:\/\/hoelzlhof.de\/?page_id=407","title":{"rendered":"Stallturnier"},"content":{"rendered":"<p><a href=\"https:\/\/hoelzlhof.de-content\/uploads\/2015\/09\/DSC_03781.jpg\"><img loading=\"lazy\" decoding=\"async\" class=\"alignnone size-medium wp-image-525\" src=\"https:\/\/hoelzlhof.de-content\/uploads\/2015\/09\/DSC_03781-300x200.jpg\" alt=\"DSC_0378\" width=\"300\" height=\"200\" srcset=\"https:\/\/hoelzlhof.de\/wp-content\/uploads\/2015\/09\/DSC_03781-300x200.jpg 300w, https:\/\/hoelzlhof.de\/wp-content\/uploads\/2015\/09\/DSC_03781-1024x683.jpg 1024w\" sizes=\"(max-width: 300px) 100vw, 300px\" \/><\/a> <a href=\"https:\/\/hoelzlhof.de-content\/uploads\/2015\/09\/DSC_04031.jpg\"><img loading=\"lazy\" decoding=\"async\" class=\"alignnone size-medium wp-image-526\" src=\"https:\/\/hoelzlhof.de-content\/uploads\/2015\/09\/DSC_04031-300x200.jpg\" alt=\"DSC_0403\" width=\"300\" height=\"200\" srcset=\"https:\/\/hoelzlhof.de\/wp-content\/uploads\/2015\/09\/DSC_04031-300x200.jpg 300w, https:\/\/hoelzlhof.de\/wp-content\/uploads\/2015\/09\/DSC_04031-1024x683.jpg 1024w\" sizes=\"(max-width: 300px) 100vw, 300px\" \/><\/a><\/p>\n<p>Bei unseren Stallturnieren messen sich die bei uns ans\u00e4ssigen Reiterinnen und Reiter mit wenigen ausw\u00e4rtigen G\u00e4sten. Neben dem sportlichen Wettbewerb steht auch die Festigung der Stallgemeinschaft im Vordergrund.<\/p>\n<p>Weiterhin finden auch Spa\u00dfveranstaltungen wie &#8220;Horse and Dog&#8221; etc. statt.<\/p>\n","protected":false},"excerpt":{"rendered":"<p>Bei unseren Stallturnieren messen sich die bei uns ans\u00e4ssigen Reiterinnen und Reiter mit wenigen ausw\u00e4rtigen G\u00e4sten. Neben dem sportlichen Wettbewerb steht auch die Festigung der Stallgemeinschaft im Vordergrund. Weiterhin finden auch Spa\u00dfveranstaltungen wie &#8220;Horse and Dog&#8221; etc. statt.<\/p>\n","protected":false},"author":1,"featured_media":0,"parent":0,"menu_order":0,"comment_status":"closed","ping_status":"closed","template":"","meta":{"footnotes":""},"class_list":["post-407","page","type-page","status-publish"],"_links":{"self":[{"href":"https:\/\/hoelzlhof.de\/index.php?rest_route=\/wp\/v2\/pages\/407"}],"collection":[{"href":"https:\/\/hoelzlhof.de\/index.php?rest_route=\/wp\/v2\/pages"}],"about":[{"href":"https:\/\/hoelzlhof.de\/index.php?rest_route=\/wp\/v2\/types\/page"}],"author":[{"embeddable":true,"href":"https:\/\/hoelzlhof.de\/index.php?rest_route=\/wp\/v2\/users\/1"}],"replies":[{"embeddable":true,"href":"https:\/\/hoelzlhof.de\/index.php?rest_route=%2Fwp%2Fv2%2Fcomments&post=407"}],"version-history":[{"count":7,"href":"https:\/\/hoelzlhof.de\/index.php?rest_route=\/wp\/v2\/pages\/407\/revisions"}],"predecessor-version":[{"id":529,"href":"https:\/\/hoelzlhof.de\/index.php?rest_route=\/wp\/v2\/pages\/407\/revisions\/529"}],"wp:attachment":[{"href":"https:\/\/hoelzlhof.de\/index.php?rest_route=%2Fwp%2Fv2%2Fmedia&parent=407"}],"curies":[{"name":"wp","href":"https:\/\/api.w.org\/{rel}","templated":true}]}}