{"id":405,"date":"2015-09-13T17:23:34","date_gmt":"2015-09-13T15:23:34","guid":{"rendered":"http:\/\/hoelzlhof.de\/wp\/?page_id=405"},"modified":"2017-02-02T09:04:32","modified_gmt":"2017-02-02T07:04:32","slug":"grillabend","status":"publish","type":"page","link":"https:\/\/hoelzlhof.de\/?page_id=405","title":{"rendered":"Grillabende"},"content":{"rendered":"<p>An gem\u00fctlichen Grillabenden bleibt gen\u00fcgend Zeit f\u00fcr den gemeinsamen Gedankenaustausch und die F\u00f6rderung der Stallgemeinschaft.<\/p>\n<p>Diese finden je nach Witterung sporadisch statt. Durch die Beteiligung aller Teilnehmer genie\u00dfen wir meist eine Vielzahl kulinarischer K\u00f6stlichkeiten.<\/p>\n<p><img loading=\"lazy\" decoding=\"async\" class=\"alignnone size-medium wp-image-417\" src=\"https:\/\/hoelzlhof.de-content\/uploads\/2015\/09\/aktivitaet01-300x200.png\" alt=\"aktivitaet01\" width=\"300\" height=\"200\" srcset=\"https:\/\/hoelzlhof.de\/wp-content\/uploads\/2015\/09\/aktivitaet01-300x200.png 300w, https:\/\/hoelzlhof.de\/wp-content\/uploads\/2015\/09\/aktivitaet01.png 432w\" sizes=\"(max-width: 300px) 100vw, 300px\" \/><\/p>\n","protected":false},"excerpt":{"rendered":"<p>An gem\u00fctlichen Grillabenden bleibt gen\u00fcgend Zeit f\u00fcr den gemeinsamen Gedankenaustausch und die F\u00f6rderung der Stallgemeinschaft. Diese finden je nach Witterung sporadisch statt. Durch die Beteiligung aller Teilnehmer genie\u00dfen wir meist eine Vielzahl kulinarischer K\u00f6stlichkeiten.<\/p>\n","protected":false},"author":1,"featured_media":0,"parent":0,"menu_order":0,"comment_status":"closed","ping_status":"closed","template":"","meta":{"footnotes":""},"class_list":["post-405","page","type-page","status-publish"],"_links":{"self":[{"href":"https:\/\/hoelzlhof.de\/index.php?rest_route=\/wp\/v2\/pages\/405"}],"collection":[{"href":"https:\/\/hoelzlhof.de\/index.php?rest_route=\/wp\/v2\/pages"}],"about":[{"href":"https:\/\/hoelzlhof.de\/index.php?rest_route=\/wp\/v2\/types\/page"}],"author":[{"embeddable":true,"href":"https:\/\/hoelzlhof.de\/index.php?rest_route=\/wp\/v2\/users\/1"}],"replies":[{"embeddable":true,"href":"https:\/\/hoelzlhof.de\/index.php?rest_route=%2Fwp%2Fv2%2Fcomments&post=405"}],"version-history":[{"count":7,"href":"https:\/\/hoelzlhof.de\/index.php?rest_route=\/wp\/v2\/pages\/405\/revisions"}],"predecessor-version":[{"id":610,"href":"https:\/\/hoelzlhof.de\/index.php?rest_route=\/wp\/v2\/pages\/405\/revisions\/610"}],"wp:attachment":[{"href":"https:\/\/hoelzlhof.de\/index.php?rest_route=%2Fwp%2Fv2%2Fmedia&parent=405"}],"curies":[{"name":"wp","href":"https:\/\/api.w.org\/{rel}","templated":true}]}}