{"id":399,"date":"2015-09-13T17:20:39","date_gmt":"2015-09-13T15:20:39","guid":{"rendered":"http:\/\/hoelzlhof.de\/wp\/?page_id=399"},"modified":"2016-01-07T11:57:32","modified_gmt":"2016-01-07T09:57:32","slug":"aktivitaeten","status":"publish","type":"page","link":"https:\/\/hoelzlhof.de\/?page_id=399","title":{"rendered":"Aktivit\u00e4ten"},"content":{"rendered":"<p>Auf unserer Anlage finden das ganze Jahr \u00fcber die verschiedensten Aktivit\u00e4ten statt, \u00fcber die Sie sich im Folgenden informieren k\u00f6nnen.<\/p>\n","protected":false},"excerpt":{"rendered":"<p>Auf unserer Anlage finden das ganze Jahr \u00fcber die verschiedensten Aktivit\u00e4ten statt, \u00fcber die Sie sich im Folgenden informieren k\u00f6nnen.<\/p>\n","protected":false},"author":1,"featured_media":0,"parent":0,"menu_order":0,"comment_status":"closed","ping_status":"closed","template":"","meta":{"footnotes":""},"class_list":["post-399","page","type-page","status-publish"],"_links":{"self":[{"href":"https:\/\/hoelzlhof.de\/index.php?rest_route=\/wp\/v2\/pages\/399"}],"collection":[{"href":"https:\/\/hoelzlhof.de\/index.php?rest_route=\/wp\/v2\/pages"}],"about":[{"href":"https:\/\/hoelzlhof.de\/index.php?rest_route=\/wp\/v2\/types\/page"}],"author":[{"embeddable":true,"href":"https:\/\/hoelzlhof.de\/index.php?rest_route=\/wp\/v2\/users\/1"}],"replies":[{"embeddable":true,"href":"https:\/\/hoelzlhof.de\/index.php?rest_route=%2Fwp%2Fv2%2Fcomments&post=399"}],"version-history":[{"count":3,"href":"https:\/\/hoelzlhof.de\/index.php?rest_route=\/wp\/v2\/pages\/399\/revisions"}],"predecessor-version":[{"id":531,"href":"https:\/\/hoelzlhof.de\/index.php?rest_route=\/wp\/v2\/pages\/399\/revisions\/531"}],"wp:attachment":[{"href":"https:\/\/hoelzlhof.de\/index.php?rest_route=%2Fwp%2Fv2%2Fmedia&parent=399"}],"curies":[{"name":"wp","href":"https:\/\/api.w.org\/{rel}","templated":true}]}}