{"id":194,"date":"2014-05-20T16:31:59","date_gmt":"2014-05-20T14:31:59","guid":{"rendered":"http:\/\/hoelzlhof.de\/wp\/?page_id=194"},"modified":"2015-09-13T17:18:34","modified_gmt":"2015-09-13T15:18:34","slug":"springplatz","status":"publish","type":"page","link":"https:\/\/hoelzlhof.de\/?page_id=194","title":{"rendered":"Springplatz"},"content":{"rendered":"<p>Unser Springplatz (30 x 70 m) ist mit Turnierhindernissen ausgestattet. So haben Sie die Option vom einfachen Gymnastikspringen bis hin zu schweren Spr\u00fcngen.<\/p>\n<p>Alle unsere Reit- und Longierpl\u00e4tze sind mit Beregnungsanlagen ausgestattet und garantieren somit eine stets staubfreie Atmosph\u00e4re.<\/p>\n<div class=\"entry-content\">\n<p>Durch regelm\u00e4\u00dfige Belagpflege bieten wir Ihnen stets optimale Bedingungen f\u00fcr Ihr Training.<\/p>\n<\/div>\n<p>Die moderne Flutlichtanlage erm\u00f6glicht Ihnen jederzeit unter freiem Himmel zu reiten.<\/p>\n<p><a href=\"https:\/\/hoelzlhof.de-content\/uploads\/2014\/05\/springplatz01.png\"><img loading=\"lazy\" decoding=\"async\" class=\"alignnone size-medium wp-image-396\" src=\"https:\/\/hoelzlhof.de-content\/uploads\/2014\/05\/springplatz01-300x200.png\" alt=\"springplatz01\" width=\"300\" height=\"200\" srcset=\"https:\/\/hoelzlhof.de\/wp-content\/uploads\/2014\/05\/springplatz01-300x200.png 300w, https:\/\/hoelzlhof.de\/wp-content\/uploads\/2014\/05\/springplatz01.png 432w\" sizes=\"(max-width: 300px) 100vw, 300px\" \/><\/a><\/p>\n<p><a href=\"https:\/\/hoelzlhof.de-content\/uploads\/2014\/05\/springplatz02.png\"><img loading=\"lazy\" decoding=\"async\" class=\"alignnone size-medium wp-image-397\" src=\"https:\/\/hoelzlhof.de-content\/uploads\/2014\/05\/springplatz02-300x200.png\" alt=\"springplatz02\" width=\"300\" height=\"200\" srcset=\"https:\/\/hoelzlhof.de\/wp-content\/uploads\/2014\/05\/springplatz02-300x200.png 300w, https:\/\/hoelzlhof.de\/wp-content\/uploads\/2014\/05\/springplatz02.png 432w\" sizes=\"(max-width: 300px) 100vw, 300px\" \/><\/a><\/p>\n","protected":false},"excerpt":{"rendered":"<p>Unser Springplatz (30 x 70 m) ist mit Turnierhindernissen ausgestattet. So haben Sie die Option vom einfachen Gymnastikspringen bis hin zu schweren Spr\u00fcngen. Alle unsere Reit- und Longierpl\u00e4tze sind mit Beregnungsanlagen ausgestattet und garantieren somit eine stets staubfreie Atmosph\u00e4re. Durch regelm\u00e4\u00dfige Belagpflege bieten wir Ihnen stets optimale Bedingungen f\u00fcr Ihr Training. Die moderne Flutlichtanlage erm\u00f6glicht &#8230; <a title=\"Springplatz\" class=\"read-more\" href=\"https:\/\/hoelzlhof.de\/?page_id=194\" aria-label=\"Mehr Informationen \u00fcber Springplatz\">Weiterlesen<\/a><\/p>\n","protected":false},"author":1,"featured_media":0,"parent":0,"menu_order":0,"comment_status":"closed","ping_status":"closed","template":"","meta":{"footnotes":""},"class_list":["post-194","page","type-page","status-publish"],"_links":{"self":[{"href":"https:\/\/hoelzlhof.de\/index.php?rest_route=\/wp\/v2\/pages\/194"}],"collection":[{"href":"https:\/\/hoelzlhof.de\/index.php?rest_route=\/wp\/v2\/pages"}],"about":[{"href":"https:\/\/hoelzlhof.de\/index.php?rest_route=\/wp\/v2\/types\/page"}],"author":[{"embeddable":true,"href":"https:\/\/hoelzlhof.de\/index.php?rest_route=\/wp\/v2\/users\/1"}],"replies":[{"embeddable":true,"href":"https:\/\/hoelzlhof.de\/index.php?rest_route=%2Fwp%2Fv2%2Fcomments&post=194"}],"version-history":[{"count":4,"href":"https:\/\/hoelzlhof.de\/index.php?rest_route=\/wp\/v2\/pages\/194\/revisions"}],"predecessor-version":[{"id":398,"href":"https:\/\/hoelzlhof.de\/index.php?rest_route=\/wp\/v2\/pages\/194\/revisions\/398"}],"wp:attachment":[{"href":"https:\/\/hoelzlhof.de\/index.php?rest_route=%2Fwp%2Fv2%2Fmedia&parent=194"}],"curies":[{"name":"wp","href":"https:\/\/api.w.org\/{rel}","templated":true}]}}