{"id":186,"date":"2014-05-20T16:30:11","date_gmt":"2014-05-20T14:30:11","guid":{"rendered":"http:\/\/hoelzlhof.de\/wp\/?page_id=186"},"modified":"2015-09-13T17:15:51","modified_gmt":"2015-09-13T15:15:51","slug":"longierhalle","status":"publish","type":"page","link":"https:\/\/hoelzlhof.de\/?page_id=186","title":{"rendered":"Longierhalle"},"content":{"rendered":"<p>Das ausschlie\u00dflich zum Longieren errichtete Geb\u00e4ude wird sowohl im Sommer wegen der angenehmen K\u00fchle (isolierte Bauweise), als auch im Winter bei Schnee und Eis sehr gesch\u00e4tzt.<\/p>\n<p>Mit 18 Metern Durchmesser bietet diese Halle ideale Voraussetzungen f\u00fcr die Handarbeit, aber auch f\u00fcr Sitz\u00fcbungen an der Longe.<\/p>\n<p>Von einer kleinen Trib\u00fcne kann man die Aktivit\u00e4ten in der Halle beobachten.<\/p>\n<div class=\"entry-content\">\n<p>Alle unsere Reit- und Longierpl\u00e4tze sind mit Beregnungsanlagen ausgestattet und garantieren somit eine stets staubfreie Atmosph\u00e4re.<\/p>\n<p>Durch regelm\u00e4\u00dfige Belagpflege bieten wir Ihnen stets optimale Bedingungen f\u00fcr Ihr Training.<\/p>\n<\/div>\n<p><a href=\"https:\/\/hoelzlhof.de-content\/uploads\/2014\/05\/longierhalle01.png\"><img loading=\"lazy\" decoding=\"async\" class=\"alignnone size-medium wp-image-384\" src=\"https:\/\/hoelzlhof.de-content\/uploads\/2014\/05\/longierhalle01-300x200.png\" alt=\"longierhalle01\" width=\"300\" height=\"200\" srcset=\"https:\/\/hoelzlhof.de\/wp-content\/uploads\/2014\/05\/longierhalle01-300x200.png 300w, https:\/\/hoelzlhof.de\/wp-content\/uploads\/2014\/05\/longierhalle01.png 432w\" sizes=\"(max-width: 300px) 100vw, 300px\" \/><\/a><\/p>\n<p>&nbsp;<\/p>\n<p><a href=\"https:\/\/hoelzlhof.de-content\/uploads\/2014\/05\/longierhalle02.png\"><img loading=\"lazy\" decoding=\"async\" class=\"alignnone size-medium wp-image-385\" src=\"https:\/\/hoelzlhof.de-content\/uploads\/2014\/05\/longierhalle02-300x200.png\" alt=\"longierhalle02\" width=\"300\" height=\"200\" srcset=\"https:\/\/hoelzlhof.de\/wp-content\/uploads\/2014\/05\/longierhalle02-300x200.png 300w, https:\/\/hoelzlhof.de\/wp-content\/uploads\/2014\/05\/longierhalle02.png 432w\" sizes=\"(max-width: 300px) 100vw, 300px\" \/><\/a><\/p>\n<p><a href=\"https:\/\/hoelzlhof.de-content\/uploads\/2014\/05\/longierhalle03.png\"><img loading=\"lazy\" decoding=\"async\" class=\"alignnone size-medium wp-image-387\" src=\"https:\/\/hoelzlhof.de-content\/uploads\/2014\/05\/longierhalle03-300x200.png\" alt=\"longierhalle03\" width=\"300\" height=\"200\" srcset=\"https:\/\/hoelzlhof.de\/wp-content\/uploads\/2014\/05\/longierhalle03-300x200.png 300w, https:\/\/hoelzlhof.de\/wp-content\/uploads\/2014\/05\/longierhalle03.png 432w\" sizes=\"(max-width: 300px) 100vw, 300px\" \/><\/a><\/p>\n","protected":false},"excerpt":{"rendered":"<p>Das ausschlie\u00dflich zum Longieren errichtete Geb\u00e4ude wird sowohl im Sommer wegen der angenehmen K\u00fchle (isolierte Bauweise), als auch im Winter bei Schnee und Eis sehr gesch\u00e4tzt. Mit 18 Metern Durchmesser bietet diese Halle ideale Voraussetzungen f\u00fcr die Handarbeit, aber auch f\u00fcr Sitz\u00fcbungen an der Longe. Von einer kleinen Trib\u00fcne kann man die Aktivit\u00e4ten in der &#8230; <a title=\"Longierhalle\" class=\"read-more\" href=\"https:\/\/hoelzlhof.de\/?page_id=186\" aria-label=\"Mehr Informationen \u00fcber Longierhalle\">Weiterlesen<\/a><\/p>\n","protected":false},"author":1,"featured_media":0,"parent":0,"menu_order":0,"comment_status":"closed","ping_status":"closed","template":"","meta":{"footnotes":""},"class_list":["post-186","page","type-page","status-publish"],"_links":{"self":[{"href":"https:\/\/hoelzlhof.de\/index.php?rest_route=\/wp\/v2\/pages\/186"}],"collection":[{"href":"https:\/\/hoelzlhof.de\/index.php?rest_route=\/wp\/v2\/pages"}],"about":[{"href":"https:\/\/hoelzlhof.de\/index.php?rest_route=\/wp\/v2\/types\/page"}],"author":[{"embeddable":true,"href":"https:\/\/hoelzlhof.de\/index.php?rest_route=\/wp\/v2\/users\/1"}],"replies":[{"embeddable":true,"href":"https:\/\/hoelzlhof.de\/index.php?rest_route=%2Fwp%2Fv2%2Fcomments&post=186"}],"version-history":[{"count":5,"href":"https:\/\/hoelzlhof.de\/index.php?rest_route=\/wp\/v2\/pages\/186\/revisions"}],"predecessor-version":[{"id":389,"href":"https:\/\/hoelzlhof.de\/index.php?rest_route=\/wp\/v2\/pages\/186\/revisions\/389"}],"wp:attachment":[{"href":"https:\/\/hoelzlhof.de\/index.php?rest_route=%2Fwp%2Fv2%2Fmedia&parent=186"}],"curies":[{"name":"wp","href":"https:\/\/api.w.org\/{rel}","templated":true}]}}