{"id":170,"date":"2014-05-20T16:24:05","date_gmt":"2014-05-20T14:24:05","guid":{"rendered":"http:\/\/hoelzlhof.de\/wp\/?page_id=170"},"modified":"2014-05-20T16:24:05","modified_gmt":"2014-05-20T14:24:05","slug":"sanitaere-anlagen","status":"publish","type":"page","link":"https:\/\/hoelzlhof.de\/?page_id=170","title":{"rendered":"Sanit\u00e4re Anlagen"},"content":{"rendered":"<p>Unsere gepflegten, beheizten Sanit\u00e4rr\u00e4ume mit WC, Dusche und Umkleidem\u00f6glichkeit, lassen Ihnen die Freiheit, Ihren Freizeitsport individuell in Ihren Tagesablauf zu integrieren.<\/p>\n","protected":false},"excerpt":{"rendered":"<p>Unsere gepflegten, beheizten Sanit\u00e4rr\u00e4ume mit WC, Dusche und Umkleidem\u00f6glichkeit, lassen Ihnen die Freiheit, Ihren Freizeitsport individuell in Ihren Tagesablauf zu integrieren.<\/p>\n","protected":false},"author":1,"featured_media":0,"parent":0,"menu_order":0,"comment_status":"closed","ping_status":"closed","template":"","meta":{"footnotes":""},"class_list":["post-170","page","type-page","status-publish"],"_links":{"self":[{"href":"https:\/\/hoelzlhof.de\/index.php?rest_route=\/wp\/v2\/pages\/170"}],"collection":[{"href":"https:\/\/hoelzlhof.de\/index.php?rest_route=\/wp\/v2\/pages"}],"about":[{"href":"https:\/\/hoelzlhof.de\/index.php?rest_route=\/wp\/v2\/types\/page"}],"author":[{"embeddable":true,"href":"https:\/\/hoelzlhof.de\/index.php?rest_route=\/wp\/v2\/users\/1"}],"replies":[{"embeddable":true,"href":"https:\/\/hoelzlhof.de\/index.php?rest_route=%2Fwp%2Fv2%2Fcomments&post=170"}],"version-history":[{"count":1,"href":"https:\/\/hoelzlhof.de\/index.php?rest_route=\/wp\/v2\/pages\/170\/revisions"}],"predecessor-version":[{"id":171,"href":"https:\/\/hoelzlhof.de\/index.php?rest_route=\/wp\/v2\/pages\/170\/revisions\/171"}],"wp:attachment":[{"href":"https:\/\/hoelzlhof.de\/index.php?rest_route=%2Fwp%2Fv2%2Fmedia&parent=170"}],"curies":[{"name":"wp","href":"https:\/\/api.w.org\/{rel}","templated":true}]}}