{"id":168,"date":"2014-05-20T16:23:46","date_gmt":"2014-05-20T14:23:46","guid":{"rendered":"http:\/\/hoelzlhof.de\/wp\/?page_id=168"},"modified":"2014-05-22T16:33:45","modified_gmt":"2014-05-22T14:33:45","slug":"futterkammern","status":"publish","type":"page","link":"https:\/\/hoelzlhof.de\/?page_id=168","title":{"rendered":"Futterkammern"},"content":{"rendered":"<p>In zwei Futterkammern bieten wir Ihnen die M\u00f6glichkeit Karotten, M\u00fcsli, Mash oder andere Pferdeleckereien unterzubringen.<\/p>\n<p>Karotten k\u00f6nnen auf Wunsch durch einen Landwirt geliefert werden.<\/p>\n","protected":false},"excerpt":{"rendered":"<p>In zwei Futterkammern bieten wir Ihnen die M\u00f6glichkeit Karotten, M\u00fcsli, Mash oder andere Pferdeleckereien unterzubringen. Karotten k\u00f6nnen auf Wunsch durch einen Landwirt geliefert werden.<\/p>\n","protected":false},"author":1,"featured_media":0,"parent":0,"menu_order":0,"comment_status":"closed","ping_status":"closed","template":"","meta":{"footnotes":""},"class_list":["post-168","page","type-page","status-publish"],"_links":{"self":[{"href":"https:\/\/hoelzlhof.de\/index.php?rest_route=\/wp\/v2\/pages\/168"}],"collection":[{"href":"https:\/\/hoelzlhof.de\/index.php?rest_route=\/wp\/v2\/pages"}],"about":[{"href":"https:\/\/hoelzlhof.de\/index.php?rest_route=\/wp\/v2\/types\/page"}],"author":[{"embeddable":true,"href":"https:\/\/hoelzlhof.de\/index.php?rest_route=\/wp\/v2\/users\/1"}],"replies":[{"embeddable":true,"href":"https:\/\/hoelzlhof.de\/index.php?rest_route=%2Fwp%2Fv2%2Fcomments&post=168"}],"version-history":[{"count":3,"href":"https:\/\/hoelzlhof.de\/index.php?rest_route=\/wp\/v2\/pages\/168\/revisions"}],"predecessor-version":[{"id":293,"href":"https:\/\/hoelzlhof.de\/index.php?rest_route=\/wp\/v2\/pages\/168\/revisions\/293"}],"wp:attachment":[{"href":"https:\/\/hoelzlhof.de\/index.php?rest_route=%2Fwp%2Fv2%2Fmedia&parent=168"}],"curies":[{"name":"wp","href":"https:\/\/api.w.org\/{rel}","templated":true}]}}