{"id":160,"date":"2014-05-20T16:21:09","date_gmt":"2014-05-20T14:21:09","guid":{"rendered":"http:\/\/hoelzlhof.de\/wp\/?page_id=160"},"modified":"2015-09-13T17:09:28","modified_gmt":"2015-09-13T15:09:28","slug":"putzplaetze","status":"publish","type":"page","link":"https:\/\/hoelzlhof.de\/?page_id=160","title":{"rendered":"Putzpl\u00e4tze"},"content":{"rendered":"<p>Die insgesamt acht Putzpl\u00e4tze befinden sich in unmittelbarer N\u00e4he der Sattelkammern. Somit geh\u00f6rt ein &#8220;weites Schleppen schwerer S\u00e4ttel&#8221; der Vergangenheit an.<\/p>\n<p>Das Putzen und Satteln Ihres Pferdes erledigen Sie angenehm auf sicherem Terrain und nicht wie in anderen St\u00e4llen \u00fcblich in der Pferdeboxe oder unter gef\u00e4hrlichen Umst\u00e4nden auf der Stallgasse.<\/p>\n<p>Au\u00dferhalb des Stallgeb\u00e4udes befinden sich weitere Putzpl\u00e4tze mit Anbindem\u00f6glichkeit.<\/p>\n<p><a href=\"https:\/\/hoelzlhof.de-content\/uploads\/2014\/05\/putzplazt.png\"><img loading=\"lazy\" decoding=\"async\" class=\"alignnone size-medium wp-image-370\" src=\"https:\/\/hoelzlhof.de-content\/uploads\/2014\/05\/putzplazt-300x200.png\" alt=\"putzplazt\" width=\"300\" height=\"200\" srcset=\"https:\/\/hoelzlhof.de\/wp-content\/uploads\/2014\/05\/putzplazt-300x200.png 300w, https:\/\/hoelzlhof.de\/wp-content\/uploads\/2014\/05\/putzplazt.png 432w\" sizes=\"(max-width: 300px) 100vw, 300px\" \/><\/a><\/p>\n","protected":false},"excerpt":{"rendered":"<p>Die insgesamt acht Putzpl\u00e4tze befinden sich in unmittelbarer N\u00e4he der Sattelkammern. Somit geh\u00f6rt ein &#8220;weites Schleppen schwerer S\u00e4ttel&#8221; der Vergangenheit an. Das Putzen und Satteln Ihres Pferdes erledigen Sie angenehm auf sicherem Terrain und nicht wie in anderen St\u00e4llen \u00fcblich in der Pferdeboxe oder unter gef\u00e4hrlichen Umst\u00e4nden auf der Stallgasse. Au\u00dferhalb des Stallgeb\u00e4udes befinden sich &#8230; <a title=\"Putzpl\u00e4tze\" class=\"read-more\" href=\"https:\/\/hoelzlhof.de\/?page_id=160\" aria-label=\"Mehr Informationen \u00fcber Putzpl\u00e4tze\">Weiterlesen<\/a><\/p>\n","protected":false},"author":1,"featured_media":0,"parent":0,"menu_order":0,"comment_status":"closed","ping_status":"closed","template":"","meta":{"footnotes":""},"class_list":["post-160","page","type-page","status-publish"],"_links":{"self":[{"href":"https:\/\/hoelzlhof.de\/index.php?rest_route=\/wp\/v2\/pages\/160"}],"collection":[{"href":"https:\/\/hoelzlhof.de\/index.php?rest_route=\/wp\/v2\/pages"}],"about":[{"href":"https:\/\/hoelzlhof.de\/index.php?rest_route=\/wp\/v2\/types\/page"}],"author":[{"embeddable":true,"href":"https:\/\/hoelzlhof.de\/index.php?rest_route=\/wp\/v2\/users\/1"}],"replies":[{"embeddable":true,"href":"https:\/\/hoelzlhof.de\/index.php?rest_route=%2Fwp%2Fv2%2Fcomments&post=160"}],"version-history":[{"count":3,"href":"https:\/\/hoelzlhof.de\/index.php?rest_route=\/wp\/v2\/pages\/160\/revisions"}],"predecessor-version":[{"id":371,"href":"https:\/\/hoelzlhof.de\/index.php?rest_route=\/wp\/v2\/pages\/160\/revisions\/371"}],"wp:attachment":[{"href":"https:\/\/hoelzlhof.de\/index.php?rest_route=%2Fwp%2Fv2%2Fmedia&parent=160"}],"curies":[{"name":"wp","href":"https:\/\/api.w.org\/{rel}","templated":true}]}}