{"id":146,"date":"2014-05-20T16:10:25","date_gmt":"2014-05-20T14:10:25","guid":{"rendered":"http:\/\/hoelzlhof.de\/wp\/?page_id=146"},"modified":"2016-12-25T11:42:19","modified_gmt":"2016-12-25T09:42:19","slug":"wir-bieten-ihnen","status":"publish","type":"page","link":"https:\/\/hoelzlhof.de\/?page_id=146","title":{"rendered":"Wir bieten Ihnen"},"content":{"rendered":"<p><img loading=\"lazy\" decoding=\"async\" class=\"alignnone size-medium wp-image-124\" src=\"https:\/\/hoelzlhof.de-content\/uploads\/2014\/05\/uebersicht-300x199.jpg\" alt=\"uebersicht\" width=\"300\" height=\"199\" srcset=\"https:\/\/hoelzlhof.de\/wp-content\/uploads\/2014\/05\/uebersicht-300x199.jpg 300w, https:\/\/hoelzlhof.de\/wp-content\/uploads\/2014\/05\/uebersicht.jpg 388w\" sizes=\"(max-width: 300px) 100vw, 300px\" \/><\/p>\n<p>Wir bieten Ihnen:<\/p>\n<ul>\n<li>\u00a014 qm (3,5 x 4 m) !!! gro\u00dfe Pferdeboxen mit gro\u00dfem Allwetterpaddock (7,5 x 3,5 m)<\/li>\n<li>Einstreu Stroh oder Sp\u00e4ne (Aufpreis) nach Wahl des Pferdebesitzers<\/li>\n<li>gro\u00dfe, helle Reithalle (Hufschlagma\u00df 24 x 64 m)<\/li>\n<li>beheiztes Reiterst\u00fcberl mit Blick in die Reithalle<\/li>\n<li>gem\u00fctliche Sitzecke im Freien zum Relaxen unter Sonnenschirmen<\/li>\n<li>Longierzirkel<\/li>\n<li>Longierhalle<\/li>\n<li>Freilauff\u00fchranlage<\/li>\n<li>Allwetterspringlatz (30 x 70 m)<\/li>\n<li>Allwetterdressurplatz (20 x 60 m)<\/li>\n<li>1000 qm Gemeinschafts-\/Allwetterpaddocks<\/li>\n<li>Beregnungsanlagen auf allen Reit- und Longierpl\u00e4tzen und in der Freilauff\u00fchranlage<\/li>\n<li>ganzj\u00e4hrig benutzbare, gro\u00dfe Gemeinschafts- und Einzelkoppeln<\/li>\n<li>Reitwiese, Galopp- und Hindernisstrecke, Ausreitgel\u00e4nde<\/li>\n<li>beheizte Sattelkammern<\/li>\n<li>Waschpl\u00e4tze mit ganzj\u00e4hrig warmen Wasser<\/li>\n<li>Solarium mit Warmluftdusche<\/li>\n<li>Karottenlieferservice<\/li>\n<li>individuelle, professionelle F\u00fctterung mit selbsterzeugten Futtermitteln auch f\u00fcr Allergiker<\/li>\n<li>F\u00fchrservice auf Koppel und in die F\u00fchranlage<\/li>\n<li>Hengsthaltung<\/li>\n<li>Unterricht und Beritt in Dressur und Springen f\u00fcr jedes Niveau<\/li>\n<li>Kein Reitschulbetrieb, dadurch sehr gem\u00fctliches und gepflegtes Ambiente<\/li>\n<li>Grillabende, Weihnachtsfeier etc.<\/li>\n<\/ul>\n","protected":false},"excerpt":{"rendered":"<p>Wir bieten Ihnen: \u00a014 qm (3,5 x 4 m) !!! gro\u00dfe Pferdeboxen mit gro\u00dfem Allwetterpaddock (7,5 x 3,5 m) Einstreu Stroh oder Sp\u00e4ne (Aufpreis) nach Wahl des Pferdebesitzers gro\u00dfe, helle Reithalle (Hufschlagma\u00df 24 x 64 m) beheiztes Reiterst\u00fcberl mit Blick in die Reithalle gem\u00fctliche Sitzecke im Freien zum Relaxen unter Sonnenschirmen Longierzirkel Longierhalle Freilauff\u00fchranlage Allwetterspringlatz &#8230; <a title=\"Wir bieten Ihnen\" class=\"read-more\" href=\"https:\/\/hoelzlhof.de\/?page_id=146\" aria-label=\"Mehr Informationen \u00fcber Wir bieten Ihnen\">Weiterlesen<\/a><\/p>\n","protected":false},"author":1,"featured_media":0,"parent":0,"menu_order":0,"comment_status":"closed","ping_status":"closed","template":"","meta":{"footnotes":""},"class_list":["post-146","page","type-page","status-publish"],"_links":{"self":[{"href":"https:\/\/hoelzlhof.de\/index.php?rest_route=\/wp\/v2\/pages\/146"}],"collection":[{"href":"https:\/\/hoelzlhof.de\/index.php?rest_route=\/wp\/v2\/pages"}],"about":[{"href":"https:\/\/hoelzlhof.de\/index.php?rest_route=\/wp\/v2\/types\/page"}],"author":[{"embeddable":true,"href":"https:\/\/hoelzlhof.de\/index.php?rest_route=\/wp\/v2\/users\/1"}],"replies":[{"embeddable":true,"href":"https:\/\/hoelzlhof.de\/index.php?rest_route=%2Fwp%2Fv2%2Fcomments&post=146"}],"version-history":[{"count":4,"href":"https:\/\/hoelzlhof.de\/index.php?rest_route=\/wp\/v2\/pages\/146\/revisions"}],"predecessor-version":[{"id":543,"href":"https:\/\/hoelzlhof.de\/index.php?rest_route=\/wp\/v2\/pages\/146\/revisions\/543"}],"wp:attachment":[{"href":"https:\/\/hoelzlhof.de\/index.php?rest_route=%2Fwp%2Fv2%2Fmedia&parent=146"}],"curies":[{"name":"wp","href":"https:\/\/api.w.org\/{rel}","templated":true}]}}