{"id":134,"date":"2014-05-20T16:05:09","date_gmt":"2014-05-20T14:05:09","guid":{"rendered":"http:\/\/hoelzlhof.de\/wp\/?page_id=134"},"modified":"2015-09-13T17:05:11","modified_gmt":"2015-09-13T15:05:11","slug":"pferdeboxen","status":"publish","type":"page","link":"https:\/\/hoelzlhof.de\/?page_id=134","title":{"rendered":"Pferdeboxen"},"content":{"rendered":"<p>Die \u00fcbergro\u00dfen Pferdeboxen ( Ma\u00dfe 4 x 3,5 Meter statt der \u00fcblichen 3 x 4 Meter) bieten mit 14 qm Grundfl\u00e4che auch dem gr\u00f6\u00dften Pferd gen\u00fcgend Bewegungsraum und werden nach Wahl des Pferdebesitzers gro\u00dfz\u00fcgig mit Stroh oder Sp\u00e4nen eingestreut und zweimal t\u00e4glich entmistet.<\/p>\n<p><a href=\"https:\/\/hoelzlhof.de-content\/uploads\/2014\/05\/box01.png\"><img loading=\"lazy\" decoding=\"async\" class=\"alignnone size-medium wp-image-356\" src=\"https:\/\/hoelzlhof.de-content\/uploads\/2014\/05\/box01-300x200.png\" alt=\"box01\" width=\"300\" height=\"200\" srcset=\"https:\/\/hoelzlhof.de\/wp-content\/uploads\/2014\/05\/box01-300x200.png 300w, https:\/\/hoelzlhof.de\/wp-content\/uploads\/2014\/05\/box01.png 432w\" sizes=\"(max-width: 300px) 100vw, 300px\" \/><\/a><\/p>\n<p>Durch die in den Boxentrennw\u00e4nden integrierten L\u00fcftungsschlitze erreichen wir mit der bew\u00e4hrten Trauf-First-L\u00fcftung jederzeit ein optimales Stallklima.<br \/>\nDas in die Boxenfront integrierte Ablagefach bietet Stauraum f\u00fcr Putzzeug und Stallhalfter.<br \/>\nDie quer eingebauten Trennst\u00e4be und das &#8220;Guckfenster&#8221; erm\u00f6glichen den Pferden die Teilnahme am Stallgeschehen.<\/p>\n<p><a href=\"https:\/\/hoelzlhof.de-content\/uploads\/2014\/05\/box02.png\"><img loading=\"lazy\" decoding=\"async\" class=\"alignnone size-medium wp-image-357\" src=\"https:\/\/hoelzlhof.de-content\/uploads\/2014\/05\/box02-300x200.png\" alt=\"box02\" width=\"300\" height=\"200\" srcset=\"https:\/\/hoelzlhof.de\/wp-content\/uploads\/2014\/05\/box02-300x200.png 300w, https:\/\/hoelzlhof.de\/wp-content\/uploads\/2014\/05\/box02.png 432w\" sizes=\"(max-width: 300px) 100vw, 300px\" \/><\/a><\/p>\n<p>Die vier Meter breite Stallgasse (statt der sonst \u00fcblichen drei Meter) und der integrierte Lichtfirst bieten \u00fcberdimensionalen Luftraum bei lichtdurchfluteter Atmosph\u00e4re.<\/p>\n<p><a href=\"https:\/\/hoelzlhof.de-content\/uploads\/2014\/05\/box03.png\"><img loading=\"lazy\" decoding=\"async\" class=\"alignnone size-medium wp-image-359\" src=\"https:\/\/hoelzlhof.de-content\/uploads\/2014\/05\/box03-300x200.png\" alt=\"box03\" width=\"300\" height=\"200\" srcset=\"https:\/\/hoelzlhof.de\/wp-content\/uploads\/2014\/05\/box03-300x200.png 300w, https:\/\/hoelzlhof.de\/wp-content\/uploads\/2014\/05\/box03.png 432w\" sizes=\"(max-width: 300px) 100vw, 300px\" \/><\/a><\/p>\n","protected":false},"excerpt":{"rendered":"<p>Die \u00fcbergro\u00dfen Pferdeboxen ( Ma\u00dfe 4 x 3,5 Meter statt der \u00fcblichen 3 x 4 Meter) bieten mit 14 qm Grundfl\u00e4che auch dem gr\u00f6\u00dften Pferd gen\u00fcgend Bewegungsraum und werden nach Wahl des Pferdebesitzers gro\u00dfz\u00fcgig mit Stroh oder Sp\u00e4nen eingestreut und zweimal t\u00e4glich entmistet. Durch die in den Boxentrennw\u00e4nden integrierten L\u00fcftungsschlitze erreichen wir mit der bew\u00e4hrten &#8230; <a title=\"Pferdeboxen\" class=\"read-more\" href=\"https:\/\/hoelzlhof.de\/?page_id=134\" aria-label=\"Mehr Informationen \u00fcber Pferdeboxen\">Weiterlesen<\/a><\/p>\n","protected":false},"author":1,"featured_media":0,"parent":0,"menu_order":0,"comment_status":"closed","ping_status":"closed","template":"","meta":{"footnotes":""},"class_list":["post-134","page","type-page","status-publish"],"_links":{"self":[{"href":"https:\/\/hoelzlhof.de\/index.php?rest_route=\/wp\/v2\/pages\/134"}],"collection":[{"href":"https:\/\/hoelzlhof.de\/index.php?rest_route=\/wp\/v2\/pages"}],"about":[{"href":"https:\/\/hoelzlhof.de\/index.php?rest_route=\/wp\/v2\/types\/page"}],"author":[{"embeddable":true,"href":"https:\/\/hoelzlhof.de\/index.php?rest_route=\/wp\/v2\/users\/1"}],"replies":[{"embeddable":true,"href":"https:\/\/hoelzlhof.de\/index.php?rest_route=%2Fwp%2Fv2%2Fcomments&post=134"}],"version-history":[{"count":3,"href":"https:\/\/hoelzlhof.de\/index.php?rest_route=\/wp\/v2\/pages\/134\/revisions"}],"predecessor-version":[{"id":360,"href":"https:\/\/hoelzlhof.de\/index.php?rest_route=\/wp\/v2\/pages\/134\/revisions\/360"}],"wp:attachment":[{"href":"https:\/\/hoelzlhof.de\/index.php?rest_route=%2Fwp%2Fv2%2Fmedia&parent=134"}],"curies":[{"name":"wp","href":"https:\/\/api.w.org\/{rel}","templated":true}]}}