{"id":129,"date":"2014-05-20T16:02:50","date_gmt":"2014-05-20T14:02:50","guid":{"rendered":"http:\/\/hoelzlhof.de\/wp\/?page_id=129"},"modified":"2015-09-13T17:01:57","modified_gmt":"2015-09-13T15:01:57","slug":"paddocks","status":"publish","type":"page","link":"https:\/\/hoelzlhof.de\/?page_id=129","title":{"rendered":"Paddocks"},"content":{"rendered":"<p>Um den Pferden st\u00e4ndigen Sozialkontakt zu den Artgenossen zu bieten und den Aufenthalt im Freien jederzeit zu erm\u00f6glichen, sind die 26 qm gro\u00dfem Allwetterpaddocks mit befestigtem Boden und wahlweise Sandsch\u00fcttung von den Boxen direkt zug\u00e4nglich.<\/p>\n<p><a href=\"https:\/\/hoelzlhof.de-content\/uploads\/2014\/05\/paddock02.png\"><img loading=\"lazy\" decoding=\"async\" class=\"alignnone size-medium wp-image-352\" src=\"https:\/\/hoelzlhof.de-content\/uploads\/2014\/05\/paddock02-300x200.png\" alt=\"paddock02\" width=\"300\" height=\"200\" srcset=\"https:\/\/hoelzlhof.de\/wp-content\/uploads\/2014\/05\/paddock02-300x200.png 300w, https:\/\/hoelzlhof.de\/wp-content\/uploads\/2014\/05\/paddock02.png 432w\" sizes=\"(max-width: 300px) 100vw, 300px\" \/><\/a><\/p>\n<p>Diese M\u00f6glichkeit wird von den Pferden zu jeder Gelegenheit genutzt und spiegelt sich in ihrer Ausgeglichenheit, Gesundheit und Leistungsf\u00e4higkeit wieder.<br \/>\nDie Einz\u00e4unung der Paddocks mit Holz dient zur Besch\u00e4ftigung der Pferde und verhindert ein Anfrieren der Zunge beim Belecken, was bei Eisenstangen zu schweren Verletzungen f\u00fchren kann.<\/p>\n<p><a href=\"https:\/\/hoelzlhof.de-content\/uploads\/2014\/05\/paddock01.png\"><img loading=\"lazy\" decoding=\"async\" class=\"alignnone size-medium wp-image-354\" src=\"https:\/\/hoelzlhof.de-content\/uploads\/2014\/05\/paddock01-300x200.png\" alt=\"paddock01\" width=\"300\" height=\"200\" srcset=\"https:\/\/hoelzlhof.de\/wp-content\/uploads\/2014\/05\/paddock01-300x200.png 300w, https:\/\/hoelzlhof.de\/wp-content\/uploads\/2014\/05\/paddock01.png 432w\" sizes=\"(max-width: 300px) 100vw, 300px\" \/><\/a><\/p>\n","protected":false},"excerpt":{"rendered":"<p>Um den Pferden st\u00e4ndigen Sozialkontakt zu den Artgenossen zu bieten und den Aufenthalt im Freien jederzeit zu erm\u00f6glichen, sind die 26 qm gro\u00dfem Allwetterpaddocks mit befestigtem Boden und wahlweise Sandsch\u00fcttung von den Boxen direkt zug\u00e4nglich. Diese M\u00f6glichkeit wird von den Pferden zu jeder Gelegenheit genutzt und spiegelt sich in ihrer Ausgeglichenheit, Gesundheit und Leistungsf\u00e4higkeit wieder. &#8230; <a title=\"Paddocks\" class=\"read-more\" href=\"https:\/\/hoelzlhof.de\/?page_id=129\" aria-label=\"Mehr Informationen \u00fcber Paddocks\">Weiterlesen<\/a><\/p>\n","protected":false},"author":1,"featured_media":0,"parent":0,"menu_order":0,"comment_status":"closed","ping_status":"closed","template":"","meta":{"footnotes":""},"class_list":["post-129","page","type-page","status-publish"],"_links":{"self":[{"href":"https:\/\/hoelzlhof.de\/index.php?rest_route=\/wp\/v2\/pages\/129"}],"collection":[{"href":"https:\/\/hoelzlhof.de\/index.php?rest_route=\/wp\/v2\/pages"}],"about":[{"href":"https:\/\/hoelzlhof.de\/index.php?rest_route=\/wp\/v2\/types\/page"}],"author":[{"embeddable":true,"href":"https:\/\/hoelzlhof.de\/index.php?rest_route=\/wp\/v2\/users\/1"}],"replies":[{"embeddable":true,"href":"https:\/\/hoelzlhof.de\/index.php?rest_route=%2Fwp%2Fv2%2Fcomments&post=129"}],"version-history":[{"count":3,"href":"https:\/\/hoelzlhof.de\/index.php?rest_route=\/wp\/v2\/pages\/129\/revisions"}],"predecessor-version":[{"id":355,"href":"https:\/\/hoelzlhof.de\/index.php?rest_route=\/wp\/v2\/pages\/129\/revisions\/355"}],"wp:attachment":[{"href":"https:\/\/hoelzlhof.de\/index.php?rest_route=%2Fwp%2Fv2%2Fmedia&parent=129"}],"curies":[{"name":"wp","href":"https:\/\/api.w.org\/{rel}","templated":true}]}}